394 a multiple of 337?
False
Is 641 a factor of 69121523?
False
Is 6585318 a multiple of 11?
False
Is 11 a factor of 17834707?
True
Is 2345520072 a multiple of 1559?
False
Is 36625705 a multiple of 453?
False
Is 1818336683 a multiple of 439?
True
Is 953 a factor of 23911723?
True
Is 323783123 a multiple of 371?
False
Is 1658 a factor of 1657195226?
False
Does 19 divide 221640966?
True
Is 15420073 a multiple of 364?
False
Does 89 divide 392853204?
False
Is 14029947 a multiple of 761?
False
Does 747 divide 1408535730?
True
Is 256711293 a multiple of 19?
False
Is 7 a factor of 84244172?
False
Does 18 divide 2929771?
False
Does 2585 divide 1985577275?
True
Is 4 a factor of 17093558?
False
Is 6779897 a multiple of 57?
False
Is 7871353 a multiple of 18?
False
Is 138148064 a multiple of 16?
True
Is 29637188 a multiple of 1921?
True
Does 2394 divide 326244744?
True
Does 548 divide 774990270?
False
Is 37614276 a multiple of 6?
True
Is 220604470 a multiple of 2?
True
Does 369 divide 594187047?
True
Does 3 divide 183180429?
True
Does 1054 divide 891482686?
True
Does 16 divide 392599704?
False
Does 660 divide 434280000?
True
Does 924 divide 4128939938?
False
Does 5752 divide 1296522617?
False
Is 5 a factor of 15004940?
True
Is 758 a factor of 11229770?
True
Does 4 divide 11951428?
True
Is 9 a factor of 365781?
False
Is 56679063 a multiple of 1757?
True
Is 927278534 a multiple of 518?
True
Is 314724123 a multiple of 53?
True
Does 280 divide 1566420809?
False
Does 4184 divide 376551632?
True
Does 2123 divide 234603138?
False
Is 2994986410 a multiple of 68?
False
Is 558659464 a multiple of 368?
False
Does 1277 divide 94659398?
False
Is 654 a factor of 44231328?
True
Is 105748216 a multiple of 955?
False
Is 110928860 a multiple of 487?
True
Is 8 a factor of 31856010?
False
Is 131 a factor of 308841870?
False
Is 5689 a factor of 4234652210?
False
Is 25 a factor of 1261505850?
True
Does 374 divide 412501430?
True
Is 373 a factor of 116343922?
True
Does 590 divide 22956106?
False
Does 153 divide 260786447?
False
Is 116895825 a multiple of 17?
True
Is 807487 a multiple of 17?
False
Is 47114436 a multiple of 69?
False
Does 943 divide 1851258533?
False
Is 69 a factor of 123828048?
False
Does 564 divide 421425312?
True
Does 18 divide 3646162534?
False
Is 15231549 a multiple of 42?
False
Is 287 a factor of 193951007?
False
Is 11 a factor of 1536305815?
True
Does 1112 divide 1446595716?
False
Is 4513 a factor of 121711097?
True
Is 245 a factor of 28268590?
True
Does 17 divide 5049217790?
False
Is 5211 a factor of 1088835315?
False
Is 256 a factor of 686229248?
True
Is 2865112 a multiple of 2581?
False
Does 45 divide 3105100620?
True
Does 209 divide 400697201?
False
Does 137 divide 685686665?
False
Does 28 divide 27247472?
True
Does 130 divide 643008193?
False
Is 19 a factor of 67346450?
True
Is 1049 a factor of 4764558?
True
Is 122 a factor of 16268700?
True
Is 1213273473 a multiple of 1329?
False
Is 45981428 a multiple of 1611?
False
Does 175 divide 63185919?
False
Does 2569 divide 39296264?
False
Is 89 a factor of 122611210?
False
Is 8624574 a multiple of 9?
True
Is 153114327 a multiple of 3841?
False
Is 5965456 a multiple of 686?
True
Is 938985969 a multiple of 15?
False
Does 20 divide 575413596?
False
Does 25 divide 354097700?
True
Does 25 divide 73725?
True
Is 4402 a factor of 1672239281?
False
Is 818 a factor of 218810092?
True
Is 837395930 a multiple of 133?
True
Is 44 a factor of 42236573?
False
Does 125 divide 326294062?
False
Does 11 divide 2827466205?
False
Does 1009 divide 32496863?
True
Is 532321355 a multiple of 148?
False
Is 1704561768 a multiple of 1218?
True
Does 6 divide 88393639?
False
Is 8280 a factor of 725270040?
True
Is 60924666 a multiple of 2?
True
Is 508275878 a multiple of 1106?
False
Is 36219567 a multiple of 31?
False
Is 191480706 a multiple of 30?
False
Is 2796 a factor of 15663554?
False
Is 482 a factor of 75741962?
True
Does 232 divide 2036530336?
True
Does 486 divide 58215510?
True
Does 613 divide 971622209?
False
Does 1599 divide 1039654128?
False
Is 233 a factor of 868365794?
False
Does 148 divide 1646907444?
True
Is 17 a factor of 1968315539?
True
Does 2286 divide 2157876494?
False
Is 782338686 a multiple of 5079?
True
Does 990 divide 31694903?
False
Is 12230343 a multiple of 12?
False
Does 1328 divide 171949440?
True
Does 111 divide 12104217?
True
Does 3150 divide 297238464?
False
Is 6917856 a multiple of 7?
False
Is 347 a factor of 25944496?
True
Does 1155 divide 542850791?
False
Does 39 divide 86330349?
False
Does 27 divide 250119960?
False
Is 17 a factor of 579122289?
True
Is 909544631 a multiple of 33?
False
Is 8 a factor of 453671752?
True
Is 159 a factor of 726026559?
False
Does 803 divide 622525750?
True
Does 92 divide 1680696886?
False
Does 15 divide 13447950?
True
Is 50480255 a multiple of 18?
False
Is 89 a factor of 569155?
True
Is 60093137 a multiple of 13?
True
Is 219 a factor of 170170668?
False
Does 3071 divide 53229643?
True
Does 4 divide 62986364?
True
Is 652726671 a multiple of 3693?
True
Does 4176 divide 2412446019?
False
Does 329 divide 148079466?
False
Is 22 a factor of 21707510?
True
Is 11 a factor of 84571146?
True
Is 676391763 a multiple of 102?
False
Is 1856189696 a multiple of 2056?
True
Is 376051334 even?
True
Is 37 a factor of 157095562?
True
Is 3999 a factor of 147966999?
True
Does 2913 divide 153893790?
True
Is 106269699 a multiple of 16?
False
Is 34 a factor of 17856052?
True
Is 17497875 a multiple of 927?
False
Does 2716 divide 979459094?
False
Is 126546345 a multiple of 45?
True
Is 390 a factor of 18467600?
False
Does 29 divide 586592088?
False
Is 31131015 a multiple of 14?
False
Does 85 divide 190811910?
True
Is 64 a factor of 20942446?
False
Is 425934524 a multiple of 4?
True
Does 1956 divide 117088972?
False
Is 709 a factor of 67964819?
False
Is 57212408 a multiple of 92?
True
Is 39199144 a multiple of 68?
True
Is 20659486 a multiple of 262?
True
Is 91 a factor of 8021148?
False
Is 175257585 a multiple of 23?
True
Does 6 divide 67698496?
False
Does 15 divide 167070075?
True
Does 355 divide 43036295?
True
Does 12 divide 2773482?
False
Is 24 a factor of 459861096?
True
Is 32 a factor of 76963584?
True
Is 143 a factor of 138447199?
False
Does 137 divide 488071953?
True
Is 53 a factor of 3482720208?
False
Is 4108 a factor of 256114174?
False
Is 152768002 a multiple of 2754?
False
Does 185 divide 22560195?
True
Is 101682269 a multiple of 357?
False
Is 7236144 a multiple of 248?
True
Does 2263 divide 63224908?
False
Is 13385272 a multiple of 38?
True
Is 5051 a factor of 218617382?
True
Does 77 divide 41975780?
True
Does 23 divide 117606433?
False
Does 26 divide 422311832?
False
Does 21 divide 300816138?
True
Does 919 divide 124124682?
False
Is 2802 a factor of 22378195?
False
Is 858218900 a multiple of 15?
False
Does 459 divide 1179953595?
True
Does 37 divide 14529641?
True
Is 44 a factor of 733787855?
False
Does 3967 divide 395767755?
True
Is 360146834 a multiple of 23?
True
Is 177 a factor of 9226021?
False
Does 265 divide 204880775?
True
Does 492 divide 3658512?
True
Does 97 divide 8229868?
True
Is 83 a factor of 546610227?
False
Is 84 a factor of 58221660?
True
Does 7 divide 83615821?
False
Does 17 divide 55351838?
False
Is 3670 a factor of 320649632?
False
Is 8672002 a multiple of 62?
True
Is 1127 a factor of 322919048?
False
Does 232 divide 147766136?
True
Does 15 divide 2012108?
False
Does 171 divide 302009343?
False
Is 83 a factor of 106446089?
True
Is 36 a factor of 60280920?
True
Does 19 divide 136858824?
True
Is 225456696 a multiple of 5?
False
Does 603 divide 1268410?
False
Is 19260569 a multiple of 163?
True
Is 324181451 a multiple of 11?
True
Is 499 a factor of 426092108?
True
Is 16040365 a multiple of 18?
False
Is 36 a factor of 80499618?
False
Is 7 a factor of 56252?
True
Is 779 a factor of 21132712?
True
Is 3629897948 a multiple of 1082?
False
Does 8082 divide 1525437090?
True
Is 2 a factor of 46469952?
True
Is 3 a factor of 7598727?
True
Does 48 divide 37818384?
True
Is 88 a factor of 14273145?
False
Does 29 divide 1756353187?
True
Is 20 a factor of 44226997?
False
Is 816 a factor of 44071481?
False
Does 5328 divide 534499632?
True
Does 22 divide 34810726?
False
Is 22 a factor of 